{"version":"1.0","provider_name":"Istituto Grothendieck","provider_url":"https:\/\/igrothendieck.org\/en\/","author_name":"1sTg4GthAlk2","author_url":"https:\/\/igrothendieck.org\/en\/author\/1stg4gthalk2\/","title":"14 June 2023 \/ Paris - Visions in mathematics: from Grothendieck to the present day - Istituto Grothendieck","type":"rich","width":600,"height":338,"html":"<blockquote class=\"wp-embedded-content\" data-secret=\"Dn3NTZRJ9N\"><a href=\"https:\/\/igrothendieck.org\/en\/visions-in-mathematics-paris-14-june-2023\/\">14 June 2023 \/ Paris &#8211; Visions in mathematics: from Grothendieck to the present day<\/a><\/blockquote><iframe sandbox=\"allow-scripts\" security=\"restricted\" src=\"https:\/\/igrothendieck.org\/en\/visions-in-mathematics-paris-14-june-2023\/embed\/#?secret=Dn3NTZRJ9N\" width=\"600\" height=\"338\" title=\"&#8220;14 June 2023 \/ Paris &#8211; Visions in mathematics: from Grothendieck to the present day&#8221; &#8212; Istituto Grothendieck\" data-secret=\"Dn3NTZRJ9N\" frameborder=\"0\" marginwidth=\"0\" marginheight=\"0\" scrolling=\"no\" class=\"wp-embedded-content\"><\/iframe><script>\n\/*! This file is auto-generated *\/\n!function(d,l){\"use strict\";l.querySelector&&d.addEventListener&&\"undefined\"!=typeof URL&&(d.wp=d.wp||{},d.wp.receiveEmbedMessage||(d.wp.receiveEmbedMessage=function(e){var t=e.data;if((t||t.secret||t.message||t.value)&&!\/[^a-zA-Z0-9]\/.test(t.secret)){for(var s,r,n,a=l.querySelectorAll('iframe[data-secret=\"'+t.secret+'\"]'),o=l.querySelectorAll('blockquote[data-secret=\"'+t.secret+'\"]'),c=new RegExp(\"^https?:$\",\"i\"),i=0;i<o.length;i++)o[i].style.display=\"none\";for(i=0;i<a.length;i++)s=a[i],e.source===s.contentWindow&&(s.removeAttribute(\"style\"),\"height\"===t.message?(1e3<(r=parseInt(t.value,10))?r=1e3:~~r<200&&(r=200),s.height=r):\"link\"===t.message&&(r=new URL(s.getAttribute(\"src\")),n=new URL(t.value),c.test(n.protocol))&&n.host===r.host&&l.activeElement===s&&(d.top.location.href=t.value))}},d.addEventListener(\"message\",d.wp.receiveEmbedMessage,!1),l.addEventListener(\"DOMContentLoaded\",function(){for(var e,t,s=l.querySelectorAll(\"iframe.wp-embedded-content\"),r=0;r<s.length;r++)(t=(e=s[r]).getAttribute(\"data-secret\"))||(t=Math.random().toString(36).substring(2,12),e.src+=\"#?secret=\"+t,e.setAttribute(\"data-secret\",t)),e.contentWindow.postMessage({message:\"ready\",secret:t},\"*\")},!1)))}(window,document);\n\/\/# sourceURL=https:\/\/igrothendieck.org\/wp-includes\/js\/wp-embed.min.js\n<\/script>\n","thumbnail_url":"https:\/\/igrothendieck.org\/wp-content\/uploads\/2023\/05\/visions-en-mathematiques.jpg","thumbnail_width":800,"thumbnail_height":443,"description":"Conference for the general public of the Grothendieck Institute in Paris The conference &#8220;Visions in mathematics: from Grothendieck to the present day&#8221; was held on Wednesday 14 June 2023 at the Amphith\u00e9\u00e2tre Hermite of the Institut Henri Poincar\u00e9, 11 Rue Pierre et Marie Curie, 75005 Paris, with intervents by Olivia Caramello, Mateo Carmona, Alain Connes, [&hellip;]"}

Conference for the general public of the Grothendieck Institute in Paris The conference &#8220;Visions in mathematics: from Grothendieck to the present day&#8221; was held on Wednesday 14 June 2023 at the Amphithéâtre Hermite of the Institut Henri Poincaré, 11 Rue Pierre et Marie Curie, 75005 Paris, with intervents by Olivia Caramello, Mateo Carmona, Alain Connes, [&hellip;]
